{"id":92,"date":"2023-12-17T10:15:52","date_gmt":"2023-12-17T09:15:52","guid":{"rendered":"https:\/\/lescalamb.ovh\/?page_id=71"},"modified":"2025-10-14T23:57:56","modified_gmt":"2025-10-14T21:57:56","slug":"produits-annexes","status":"publish","type":"page","link":"https:\/\/www.amaporte.org\/index.php\/amaporte\/produits\/produits-annexes\/","title":{"rendered":"Produits annexes"},"content":{"rendered":"\n<p>Vous trouverez ci-dessous la provenance des produits de contrats annexes propos\u00e9s via AMAP&#8217;orte, ainsi que quelques id\u00e9es de recettes.<\/p>\n\n\n\n<p>Seul les adh\u00e9rents d&#8217;AMAP&#8217;orte peuvent t\u00e9l\u00e9charger ces contrats annexes : apr\u00e8s <a href=\"https:\/\/www.amaporte.org\/index.php\/login\/\" data-type=\"page\" data-id=\"14\">Connexion<\/a> &gt; sur la page <a href=\"https:\/\/www.amaporte.org\/index.php\/interne\/contrats\/\" data-type=\"page\" data-id=\"200\">Contrats Mara\u00eecher et Annexes<\/a>.<\/p>\n\n\n\n<h3 class=\"wp-block-heading\">Fruits<\/h3>\n\n\n\n<ul class=\"wp-block-list\">\n<li><a href=\"https:\/\/www.amaporte.org\/index.php\/accueil-amaporte\/produits-annexes\/recettes\/recettes-pommes\/\" data-type=\"page\" data-id=\"401\">Pommes<\/a> et pur\u00e9es de pommes &#8211; EARL des Vaudois, 84<\/li>\n\n\n\n<li>Framboises, M\u00fbres, Groseilles &#8211; La Ferme de Cabri\u00e8res, 13<\/li>\n\n\n\n<li><a href=\"https:\/\/www.amaporte.org\/index.php\/public\/produits\/recettes\/recettes-oranges\/\">Oranges<\/a>, <a href=\"https:\/\/www.amaporte.org\/index.php\/public\/produits\/recettes\/recettes-citron\/\">Citrons<\/a>, Mandarines, Pamplemousse &#8211; KoinoBio Cooperative, Gr\u00e8ce (Engagement solidaire)<\/li>\n\n\n\n<li><a href=\"https:\/\/www.amaporte.org\/index.php\/public\/produits\/recettes\/recettes-raisins-secs\/\">Raisins secs<\/a> &#8211; KoinoBio Cooperative, Gr\u00e8ce (Engagement solidaire)<\/li>\n<\/ul>\n\n\n\n<h3 class=\"wp-block-heading\">F\u00e9culents<\/h3>\n\n\n\n<ul class=\"wp-block-list\">\n<li><a href=\"https:\/\/www.amaporte.org\/wp-admin\/post.php?post=972&amp;action=edit\">Pain<\/a> &#8211; Patrick Cots, 13<\/li>\n\n\n\n<li>P\u00e2tes de bl\u00e9 dur &#8211; La Ferme Pasti\u00e8re, 13<\/li>\n\n\n\n<li>P\u00e2tes de petit \u00e9peautre &#8211; La Ferme Pasti\u00e8re, 13 + Valdinoix, 05<\/li>\n\n\n\n<li><a href=\"https:\/\/www.amaporte.org\/index.php\/public\/produits\/recettes\/recettes-petit-epeautre\/\">Petit \u00e9peautre<\/a> en grains &#8211; La Ferme Pasti\u00e8re, 13 + Valdinoix, 05<\/li>\n\n\n\n<li><a href=\"https:\/\/www.amaporte.org\/index.php\/public\/produits\/recettes\/recettes-semoule\/\">Semoule<\/a> de bl\u00e9, petit \u00e9peautre, ma\u00efs &#8211; La Ferme Pasti\u00e8re, 13<\/li>\n\n\n\n<li><a href=\"https:\/\/www.amaporte.org\/index.php\/recettes-farine\/\">Farines de bl\u00e9<\/a> tendre, dur &#8211; La Ferme Pasti\u00e8re, 13<\/li>\n\n\n\n<li>Farines de petit \u00e9peautre &#8211; La Ferme Pasti\u00e8re, 13 + Valdinoix, 05<\/li>\n\n\n\n<li>Farine de noix &#8211; Valdinoix, 05<\/li>\n\n\n\n<li>Farine de ch\u00e2taignes &#8211; Lilian Cladel, 48<\/li>\n\n\n\n<li>Ch\u00e2taignes fra\u00eeches et bocaux de <a href=\"https:\/\/www.amaporte.org\/index.php\/public\/produits\/recettes\/recettes-marrons\/\">Marrons au naturel<\/a> &#8211; Lilian Cladel, 48<\/li>\n<\/ul>\n\n\n\n<h3 class=\"wp-block-heading\">Ol\u00e9agineux<\/h3>\n\n\n\n<ul id=\"block-e5a7c084-17e3-4669-8dd4-844527f7173e\" class=\"wp-block-list\">\n<li>Noix enti\u00e8res et <a href=\"https:\/\/www.amaporte.org\/index.php\/public\/produits\/recettes\/recettes-noix\/\">cerneaux de noix<\/a> &#8211; Valdinoix, 05<\/li>\n\n\n\n<li>Pur\u00e9e de s\u00e9same (tahin) &#8211; KoinoBio Cooperative, Gr\u00e8ce (Engagement solidaire)<\/li>\n<\/ul>\n\n\n\n<h3 class=\"wp-block-heading\">Huiles<\/h3>\n\n\n\n<ul id=\"block-b3d3df0d-c825-4830-bede-fc4203271c9d\" class=\"wp-block-list\">\n<li>Huile d&#8217;olive &#8211; La Ferme de la Jacourelle, 13<\/li>\n\n\n\n<li>Huile de noix &#8211; Valdinoix, 05<\/li>\n\n\n\n<li>Huile de tournesol &#8211; La Ferme Pasti\u00e8re, 13<\/li>\n\n\n\n<li>Huile de cameline &#8211; La Ferme Pasti\u00e8re, 13<\/li>\n<\/ul>\n\n\n\n<h3 class=\"wp-block-heading\">L\u00e9gumineuses<\/h3>\n\n\n\n<ul class=\"wp-block-list\">\n<li><a href=\"https:\/\/www.amaporte.org\/index.php\/public\/produits\/recettes\/recettes-lentilles\/\">Lentilles<\/a>, pois chiches &#8211; La Ferme Pasti\u00e8re, 13<\/li>\n\n\n\n<li>P\u00e2tes de lentilles, <a href=\"https:\/\/www.amaporte.org\/index.php\/amaporte\/produits\/recettes\/recettes-farine-pois-chiche\/\">farine de pois chiche<\/a>, semoule de pois chiche &#8211; La Ferme Pasti\u00e8re, 13<\/li>\n<\/ul>\n\n\n\n<h3 class=\"wp-block-heading\">Viandes et Oeufs<\/h3>\n\n\n\n<ul class=\"wp-block-list\">\n<li><a href=\"https:\/\/www.amaporte.org\/index.php\/recettes-oeufs\/\">Oeufs<\/a> &#8211; Ferme de Nicolas Lagier, 13<\/li>\n\n\n\n<li><a href=\"https:\/\/www.amaporte.org\/index.php\/public\/produits\/recettes\/recettes-poulet\/\">Poulet<\/a>, Pintade, Chapon, Poularde &#8211; Le Champ du Coq, 84<\/li>\n\n\n\n<li>Bocaux cuisin\u00e9s de coq, poule &#8211; Le Champ du Coq, 84<\/li>\n\n\n\n<li>Terrines de poule &#8211; Le Champ du Coq, 84<\/li>\n\n\n\n<li>Gigot, \u00e9paule, collier, c\u00f4te baton, rognonade d&#8217;Agneau &#8211; Les Deux Rives, 13<\/li>\n\n\n\n<li>Escalopes, blanquette, r\u00f4ti, osso bucco, tendrons, c\u00f4te de Jeune Bovin &#8211; Les Deux Rives, 13<\/li>\n\n\n\n<li>Faux-filet, gardianne, hach\u00e9 de Taureau &#8211; Les Deux Rives, 13<\/li>\n\n\n\n<li>C\u00f4te, r\u00f4ti, saut\u00e9, <a href=\"https:\/\/www.amaporte.org\/index.php\/public\/produits\/recettes\/recettes-jambon\/\">jambon<\/a> de Porc &#8211; Les Deux Rives, 13<\/li>\n\n\n\n<li>Saucisses et merguez brebis\/taureau &#8211; Les Deux Rives, 13<\/li>\n\n\n\n<li>P\u00e2t\u00e9s, saucissons, chorizos, bocaux cuisin\u00e9s de viandes &#8211; La Ferme Enchant\u00e9e de Carole, 13<\/li>\n<\/ul>\n\n\n\n<h3 class=\"wp-block-heading\">Laitages de ch\u00e8vre<\/h3>\n\n\n\n<ul class=\"wp-block-list\">\n<li><a href=\"https:\/\/www.amaporte.org\/index.php\/amaporte\/produits\/recettes\/recettes-fromages-chevre\/\">Fromages frais de ch\u00e8vre<\/a> nature, poivre, herbes, ail &#8211; La Ferme Enchant\u00e9e de Carole, 13<\/li>\n\n\n\n<li>Yaourts, fromages blancs de ch\u00e8vre &#8211; La Ferme Enchant\u00e9e de Carole, 13<\/li>\n\n\n\n<li>Tomes de ch\u00e8vre &#8211; La Ferme Enchant\u00e9e de Carole, 13<\/li>\n<\/ul>\n\n\n\n<h3 class=\"wp-block-heading\">Champignons<\/h3>\n\n\n\n<ul class=\"wp-block-list\">\n<li>Pleurotes, soupes, tartinades et sel aux pleurotes &#8211; Champi &amp; Compagnie, 13<\/li>\n<\/ul>\n\n\n\n<h3 class=\"wp-block-heading\">Miel, confitures et tartinades<\/h3>\n\n\n\n<ul class=\"wp-block-list\">\n<li><a href=\"https:\/\/www.amaporte.org\/index.php\/public\/produits\/recettes\/recettes-miel\/\">Miel<\/a> &#8211; Ugo Bondil, 13<\/li>\n\n\n\n<li><a href=\"https:\/\/www.amaporte.org\/index.php\/public\/produits\/recettes\/recettes-creme-de-marrons\/\">Confitures de ch\u00e2taignes<\/a> &#8211; Lilian Cladel, 48<\/li>\n<\/ul>\n\n\n\n<h3 class=\"wp-block-heading\">Boissons<\/h3>\n\n\n\n<ul class=\"wp-block-list\">\n<li>Vin rouge, blanc, ros\u00e9 &#8211; Domaine Beauchamp, 13<\/li>\n\n\n\n<li>Vin de noix &#8211; Valdinoix, 05<\/li>\n\n\n\n<li>Jus de pomme &#8211; EARL des Vaudois, 84<\/li>\n\n\n\n<li>Sirops de framboise, menthe, verveine &#8211; La Ferme de Cabri\u00e8res &#8211; 13<\/li>\n\n\n\n<li>Tisanes &#8211; Malika Porot &#8211; 13<\/li>\n\n\n\n<li>Tisanes et th\u00e9 menthe &#8211; La Ferme de Cabri\u00e8res &#8211; 13<\/li>\n\n\n\n<li>Tisane tilleul &#8211; Valdinoix, 05<\/li>\n<\/ul>\n\n\n\n<h3 class=\"wp-block-heading\">Autres produits d\u00e9riv\u00e9s<\/h3>\n\n\n\n<ul class=\"wp-block-list\">\n<li>Sorbets de fraises, framboises, m\u00fbres, p\u00eaches, groseilles, poires, melon, safran &#8211; La Ferme de Cabri\u00e8res, 13<\/li>\n\n\n\n<li>Noix caram\u00e9lis\u00e9es &#8211; Valdinoix, 05<\/li>\n\n\n\n<li>Moutarde aux noix &#8211; Valdinoix, 05<\/li>\n\n\n\n<li>Vinaigre &#8211; KoinoBio Cooperative, Gr\u00e8ce (Engagement solidaire)<\/li>\n\n\n\n<li>Cosm\u00e9tiques de soin &#8211; Malika Porot &#8211; 13<\/li>\n<\/ul>\n\n\n\n<p>En savoir plus :<\/p>\n\n\n\n<div class=\"wp-block-columns is-layout-flex wp-container-core-columns-is-layout-9d6595d7 wp-block-columns-is-layout-flex\">\n<div class=\"wp-block-column is-layout-flow wp-block-column-is-layout-flow\">\n<figure class=\"wp-block-embed is-type-wp-embed is-provider-amaporte wp-block-embed-amaporte\"><div class=\"wp-block-embed__wrapper\">\n<blockquote class=\"wp-embedded-content\" data-secret=\"sVAxHOGq7r\"><a href=\"https:\/\/www.amaporte.org\/index.php\/amaporte\/produits\/produits-maraichers\/\">Produits mara\u00eechers<\/a><\/blockquote><iframe loading=\"lazy\" class=\"wp-embedded-content\" sandbox=\"allow-scripts\" security=\"restricted\" style=\"position: absolute; visibility: hidden;\" title=\"\u00ab\u00a0Produits mara\u00eechers\u00a0\u00bb &#8212; AMAPorte\" src=\"https:\/\/www.amaporte.org\/index.php\/amaporte\/produits\/produits-maraichers\/embed\/#?secret=TH83VR16OC#?secret=sVAxHOGq7r\" data-secret=\"sVAxHOGq7r\" width=\"600\" height=\"338\" frameborder=\"0\" marginwidth=\"0\" marginheight=\"0\" scrolling=\"no\"><\/iframe>\n<\/div><\/figure>\n<\/div>\n\n\n\n<div class=\"wp-block-column is-layout-flow wp-block-column-is-layout-flow\">\n<figure class=\"wp-block-embed is-type-wp-embed is-provider-amaporte wp-block-embed-amaporte\"><div class=\"wp-block-embed__wrapper\">\n<blockquote class=\"wp-embedded-content\" data-secret=\"czMQiIhsTI\"><a href=\"https:\/\/www.amaporte.org\/index.php\/amaporte\/produits\/producteurs\/\">Producteurs<\/a><\/blockquote><iframe loading=\"lazy\" class=\"wp-embedded-content\" sandbox=\"allow-scripts\" security=\"restricted\" style=\"position: absolute; visibility: hidden;\" title=\"\u00ab\u00a0Producteurs\u00a0\u00bb &#8212; AMAPorte\" src=\"https:\/\/www.amaporte.org\/index.php\/amaporte\/produits\/producteurs\/embed\/#?secret=Em0O6kshEz#?secret=czMQiIhsTI\" data-secret=\"czMQiIhsTI\" width=\"600\" height=\"338\" frameborder=\"0\" marginwidth=\"0\" marginheight=\"0\" scrolling=\"no\"><\/iframe>\n<\/div><\/figure>\n<\/div>\n<\/div>\n","protected":false},"excerpt":{"rendered":"<p>Vous trouverez ci-dessous la provenance des produits de contrats annexes propos\u00e9s via AMAP&#8217;orte, ainsi que quelques id\u00e9es de recettes. Seul les adh\u00e9rents d&#8217;AMAP&#8217;orte peuvent t\u00e9l\u00e9charger ces contrats annexes : apr\u00e8s Connexion &gt; sur la page Contrats Mara\u00eecher et Annexes. Fruits F\u00e9culents Ol\u00e9agineux Huiles L\u00e9gumineuses Viandes et Oeufs Laitages de ch\u00e8vre Champignons Miel, confitures et tartinades &hellip; <a href=\"https:\/\/www.amaporte.org\/index.php\/amaporte\/produits\/produits-annexes\/\" class=\"more-link\">Lire la suite de <span class=\"screen-reader-text\">Produits annexes<\/span><\/a><\/p>\n","protected":false},"author":1,"featured_media":0,"parent":388,"menu_order":0,"comment_status":"closed","ping_status":"closed","template":"","meta":{"footnotes":""},"categories":[],"tags":[],"class_list":["post-92","page","type-page","status-publish","hentry"],"_links":{"self":[{"href":"https:\/\/www.amaporte.org\/index.php\/wp-json\/wp\/v2\/pages\/92","targetHints":{"allow":["GET"]}}],"collection":[{"href":"https:\/\/www.amaporte.org\/index.php\/wp-json\/wp\/v2\/pages"}],"about":[{"href":"https:\/\/www.amaporte.org\/index.php\/wp-json\/wp\/v2\/types\/page"}],"author":[{"embeddable":true,"href":"https:\/\/www.amaporte.org\/index.php\/wp-json\/wp\/v2\/users\/1"}],"replies":[{"embeddable":true,"href":"https:\/\/www.amaporte.org\/index.php\/wp-json\/wp\/v2\/comments?post=92"}],"version-history":[{"count":10,"href":"https:\/\/www.amaporte.org\/index.php\/wp-json\/wp\/v2\/pages\/92\/revisions"}],"predecessor-version":[{"id":2720,"href":"https:\/\/www.amaporte.org\/index.php\/wp-json\/wp\/v2\/pages\/92\/revisions\/2720"}],"up":[{"embeddable":true,"href":"https:\/\/www.amaporte.org\/index.php\/wp-json\/wp\/v2\/pages\/388"}],"wp:attachment":[{"href":"https:\/\/www.amaporte.org\/index.php\/wp-json\/wp\/v2\/media?parent=92"}],"wp:term":[{"taxonomy":"category","embeddable":true,"href":"https:\/\/www.amaporte.org\/index.php\/wp-json\/wp\/v2\/categories?post=92"},{"taxonomy":"post_tag","embeddable":true,"href":"https:\/\/www.amaporte.org\/index.php\/wp-json\/wp\/v2\/tags?post=92"}],"curies":[{"name":"wp","href":"https:\/\/api.w.org\/{rel}","templated":true}]}}