{"id":88,"date":"2023-12-16T15:55:01","date_gmt":"2023-12-16T14:55:01","guid":{"rendered":"https:\/\/lescalamb.ovh\/?page_id=53"},"modified":"2024-05-12T22:05:49","modified_gmt":"2024-05-12T20:05:49","slug":"les-motivations-pour-s-inscrire-dans-une-amap","status":"publish","type":"page","link":"https:\/\/www.amaporte.org\/index.php\/amaporte\/les-motivations-pour-s-inscrire-dans-une-amap\/","title":{"rendered":"Les motivations pour s&#8217;inscrire dans une AMAP"},"content":{"rendered":"<div class=\"wp-block-image\">\n<figure class=\"alignright size-full\"><img decoding=\"async\" src=\"https:\/\/lescalamb.ovh\/wp-content\/uploads\/2023\/12\/PhotoMaeSerre.jpg\" alt=\"\" class=\"wp-image-54\"\/><\/figure>\n<\/div>\n\n\n<p>Quelques \u00e9l\u00e9ments importants concernant les motivations \u00e0 s&#8217;inscrire dans une AMAP :<\/p>\n\n\n\n<ol class=\"wp-block-list\">\n<li><strong>Soutenir le d\u00e9veloppement de l&#8217;agriculture biologique<\/strong><br>La mise en place de cette AMAP a permis \u00e0 un jeune agriculteur biologique de cr\u00e9er sa propre exploitation \u00e0 Rognes. Fin 2009, il s&#8217;est associ\u00e9 \u00e0 un second agriculteur pour consolider et d\u00e9velopper leur activit\u00e9. Ensemble, ils ont cr\u00e9\u00e9 le GAEC N&amp;M BIO. AMAP&#8217;ORTE est disponible aux c\u00f4t\u00e9s du r\u00e9seau des AMAP de Provence (mara\u00eechers et r\u00e9f\u00e9rents) pour essaimer d&#8217;autres groupes dans le voisinage.<\/li>\n\n\n\n<li><strong>Eviter les gaspillages<\/strong><br>En r\u00e9gulant la production agricole sur le nombre de paniers contractualis\u00e9s chaque producteur est assur\u00e9 d&#8217;\u00e9couler sa production.<\/li>\n\n\n\n<li><strong>Instaurer un lien diff\u00e8rent dans l&#8217;\u00e9change marchand<\/strong><br>En s&#8217;engageant \u00e0 l&#8217;avance (pr\u00e9-achat de panier) les amapiens assurent une plus grande r\u00e9gularit\u00e9 de revenus au paysan lui permettant de pr\u00e9voir ses investissements. En contractualisant un prix fixe au panier (saison 2023-2024&nbsp;: 25\u20ac\/panier pour environ 4 personnes) les amapiens se solidarisent avec le paysan et partagent les risques li\u00e9s \u00e0 la production agricole.<\/li>\n\n\n\n<li><strong>Disposer de produits biologiques frais<\/strong><br>La livraison hebdomadaire (mardi de 18h30 \u00e0 19h30) offre \u00e0 ceux dont le rythme de vie ne leur permet pas de s&#8217;approvisionner au march\u00e9 la possibilit\u00e9 de consommer de produits bio de qualit\u00e9.<\/li>\n\n\n\n<li><strong>D\u00e9velopper des rapports conviviaux entre habitants<\/strong><br>La prise en charge conjointe de la distribution par des membres du groupe et les producteurs, le partage des contraintes (entente pour prendre le panier de celui qui pr\u00e9voit son absence), l&#8217;\u00e9change de recettes, autant d&#8217;occasion de faire, d&#8217;interagir ensemble.<\/li>\n\n\n\n<li><strong>Devenir un consommateur responsable, s&#8217;\u00e9duquer \u00e0 un d\u00e9veloppement plus soutenable<\/strong><br>Apprendre ce que sont les l\u00e9gumes de saison, faire avec les particularit\u00e9s des terres de notre pays, diversifier ses go\u00fbts, comprendre les contraintes li\u00e9es \u00e0 certaines productions ( la rotation des sols\/cycles longs). Distribuer en circuit court r\u00e9duit consid\u00e9rablement la consommation \u00e9nerg\u00e9tique globale.<\/li>\n<\/ol>\n\n\n\n<p>L&#8217;inscription dans une AMAP n&#8217;est pas sans contrainte. Cela suppose de passer remplir son panier dans un cr\u00e9neau pr\u00e9cis. Ce qui veut dire une certaine r\u00e9gularit\u00e9 (ou de s&#8217;entendre avec un copain). Cela implique aussi de se mettre s\u00e9rieusement \u00e0 cuisiner les l\u00e9gumes de saison. Il est demand\u00e9 \u00e0 chaque adh\u00e9rent d&#8217;aider \u00e0 une distribution une fois par trimestre. Pour ces raisons, le premier engagement est de 6 mois, et devient ensuite annuel.<\/p>\n\n\n\n<p>En savoir plus :<\/p>\n\n\n\n<div class=\"wp-block-columns is-layout-flex wp-container-core-columns-is-layout-9d6595d7 wp-block-columns-is-layout-flex\">\n<div class=\"wp-block-column is-layout-flow wp-block-column-is-layout-flow\">\n<figure class=\"wp-block-embed is-type-wp-embed is-provider-amaporte wp-block-embed-amaporte\"><div class=\"wp-block-embed__wrapper\">\n<blockquote class=\"wp-embedded-content\" data-secret=\"8VWK7Juspy\"><a href=\"https:\/\/www.amaporte.org\/index.php\/amaporte\/qu-est-ce-qu-une-amap\/\">Qu&#8217;est-ce qu&#8217;une AMAP\u00a0?<\/a><\/blockquote><iframe loading=\"lazy\" class=\"wp-embedded-content\" sandbox=\"allow-scripts\" security=\"restricted\" style=\"position: absolute; clip: rect(1px, 1px, 1px, 1px);\" title=\"\u00ab\u00a0Qu&#8217;est-ce qu&#8217;une AMAP\u00a0?\u00a0\u00bb &#8212; AMAPorte\" src=\"https:\/\/www.amaporte.org\/index.php\/amaporte\/qu-est-ce-qu-une-amap\/embed\/#?secret=SeYa00kn9H#?secret=8VWK7Juspy\" data-secret=\"8VWK7Juspy\" width=\"600\" height=\"338\" frameborder=\"0\" marginwidth=\"0\" marginheight=\"0\" scrolling=\"no\"><\/iframe>\n<\/div><\/figure>\n<\/div>\n\n\n\n<div class=\"wp-block-column is-layout-flow wp-block-column-is-layout-flow\">\n<figure class=\"wp-block-embed is-type-wp-embed is-provider-amaporte wp-block-embed-amaporte\"><div class=\"wp-block-embed__wrapper\">\n<blockquote class=\"wp-embedded-content\" data-secret=\"bBO19LYrbd\"><a href=\"https:\/\/www.amaporte.org\/index.php\/amaporte\/produits\/producteurs\/\">Producteurs<\/a><\/blockquote><iframe loading=\"lazy\" class=\"wp-embedded-content\" sandbox=\"allow-scripts\" security=\"restricted\" style=\"position: absolute; clip: rect(1px, 1px, 1px, 1px);\" title=\"\u00ab\u00a0Producteurs\u00a0\u00bb &#8212; AMAPorte\" src=\"https:\/\/www.amaporte.org\/index.php\/amaporte\/produits\/producteurs\/embed\/#?secret=uki6c5B59I#?secret=bBO19LYrbd\" data-secret=\"bBO19LYrbd\" width=\"600\" height=\"338\" frameborder=\"0\" marginwidth=\"0\" marginheight=\"0\" scrolling=\"no\"><\/iframe>\n<\/div><\/figure>\n<\/div>\n<\/div>\n","protected":false},"excerpt":{"rendered":"<p>Quelques \u00e9l\u00e9ments importants concernant les motivations \u00e0 s&#8217;inscrire dans une AMAP : L&#8217;inscription dans une AMAP n&#8217;est pas sans contrainte. Cela suppose de passer remplir son panier dans un cr\u00e9neau pr\u00e9cis. Ce qui veut dire une certaine r\u00e9gularit\u00e9 (ou de s&#8217;entendre avec un copain). Cela implique aussi de se mettre s\u00e9rieusement \u00e0 cuisiner les l\u00e9gumes &hellip; <a href=\"https:\/\/www.amaporte.org\/index.php\/amaporte\/les-motivations-pour-s-inscrire-dans-une-amap\/\" class=\"more-link\">Lire la suite de <span class=\"screen-reader-text\">Les motivations pour s&#8217;inscrire dans une AMAP<\/span><\/a><\/p>\n","protected":false},"author":1,"featured_media":0,"parent":20,"menu_order":2,"comment_status":"closed","ping_status":"closed","template":"","meta":{"footnotes":""},"categories":[],"tags":[],"class_list":["post-88","page","type-page","status-publish","hentry"],"_links":{"self":[{"href":"https:\/\/www.amaporte.org\/index.php\/wp-json\/wp\/v2\/pages\/88","targetHints":{"allow":["GET"]}}],"collection":[{"href":"https:\/\/www.amaporte.org\/index.php\/wp-json\/wp\/v2\/pages"}],"about":[{"href":"https:\/\/www.amaporte.org\/index.php\/wp-json\/wp\/v2\/types\/page"}],"author":[{"embeddable":true,"href":"https:\/\/www.amaporte.org\/index.php\/wp-json\/wp\/v2\/users\/1"}],"replies":[{"embeddable":true,"href":"https:\/\/www.amaporte.org\/index.php\/wp-json\/wp\/v2\/comments?post=88"}],"version-history":[{"count":2,"href":"https:\/\/www.amaporte.org\/index.php\/wp-json\/wp\/v2\/pages\/88\/revisions"}],"predecessor-version":[{"id":2501,"href":"https:\/\/www.amaporte.org\/index.php\/wp-json\/wp\/v2\/pages\/88\/revisions\/2501"}],"up":[{"embeddable":true,"href":"https:\/\/www.amaporte.org\/index.php\/wp-json\/wp\/v2\/pages\/20"}],"wp:attachment":[{"href":"https:\/\/www.amaporte.org\/index.php\/wp-json\/wp\/v2\/media?parent=88"}],"wp:term":[{"taxonomy":"category","embeddable":true,"href":"https:\/\/www.amaporte.org\/index.php\/wp-json\/wp\/v2\/categories?post=88"},{"taxonomy":"post_tag","embeddable":true,"href":"https:\/\/www.amaporte.org\/index.php\/wp-json\/wp\/v2\/tags?post=88"}],"curies":[{"name":"wp","href":"https:\/\/api.w.org\/{rel}","templated":true}]}}