{"id":687,"date":"2024-01-22T10:16:01","date_gmt":"2024-01-22T09:16:01","guid":{"rendered":"https:\/\/lescalamb.ovh\/?page_id=687"},"modified":"2024-01-22T10:16:01","modified_gmt":"2024-01-22T09:16:01","slug":"recettes-raisins-secs","status":"publish","type":"page","link":"https:\/\/www.amaporte.org\/index.php\/amaporte\/produits\/recettes\/recettes-raisins-secs\/","title":{"rendered":"Recettes aux Raisins secs"},"content":{"rendered":"\n<h2 class=\"wp-block-heading\">Plats<\/h2>\n\n\n\n<p><sup>VG<\/sup> <a href=\"https:\/\/artichautetcerisenoire.fr\/2012\/12\/cocotte-de-chou-blanc\/\">Cocotte de Chou blanc \u00e0 la Pomme, aux Raisins secs et au Vinaigre<\/a> : <br><sup>AMAP<\/sup> Chou blanc + Echalotes + Huile d&#8217;Olive + Pommes + Raisins secs + Vinaigre<br><em>+ Poivre + Sel<\/em><\/p>\n\n\n\n<p><sup>VG<\/sup> <a href=\"https:\/\/fr.wikibooks.org\/wiki\/Livre_de_cuisine\/Salade_de_ratatouille_froide\">Salade de ratatouille<\/a> : <br><sup>AMAP<\/sup> Ail + Basilic + Ratatouille + Huile d\u2019olive + Raisins secs<br><em>+ Curry + Pignons de pin + Sel<\/em><\/p>\n\n\n\n<h2 class=\"wp-block-heading\">Desserts<\/h2>\n\n\n\n<p><sup>VG<\/sup> <a href=\"https:\/\/www.femmeactuelle.fr\/cuisine\/recettes\/dessert\/biscuits-aux-raisins-secs-et-au-miel-09785\">Biscuits aux Raisins secs et au <strong>Miel<\/strong><\/a> : <br><sup>AMAP<\/sup> Farine + Miel + Oeufs + Raisins secs<br><em>+ Beurre + Bicarbonate de Soude + Cannelle + Sel + Sucre<\/em><\/p>\n\n\n\n<p><sup>VG<\/sup> <a href=\"https:\/\/tradi.chez-la-marmotte.fr\/archives\/11749\" data-type=\"link\" data-id=\"https:\/\/www.femmesdaujourdhui.be\/cuisine\/voir-la-recette\/75780\/moelleux-au-chocolat-et-aux-courgettes\">Flan sucr\u00e9 \u00e0 la <strong>Courgette<\/strong><\/a> : <br><sup>AMAP<\/sup> Courgettes + Farine + Oeufs + Raisins secs + Yaourts (de ch\u00e8vre)<br><em>+ F\u00e9cule de Ma\u00efs + Levure chimique + Sel + Sucre + Vanille<\/em><\/p>\n\n\n\n<p><sup>VG<\/sup> <a href=\"https:\/\/www.marmiton.org\/recettes\/recette_madeleines-aux-raisins-secs_35763.aspx\">Madeleines aux Raisins secs<\/a> : <br><sup>AMAP<\/sup> Farine + Oeufs + Raisins secs<br><em>+ Beurre + Sucre<\/em><\/p>\n\n\n\n<p><sup>VG<\/sup> <a href=\"https:\/\/www.chezpatchouka.com\/muffins-aux-raisins-secs\/\">Muffins aux Raisins secs<\/a> : <br><sup>AMAP<\/sup> Farine + Oeufs + Raisins secs<br><em>+ Beurre + Lait + Levure chimique + Sucre + Vanille<\/em><\/p>\n\n\n\n<p><sup>VG<\/sup> <a href=\"https:\/\/www.unjourunerecette.fr\/recette-pommes-au-four\">Pommes au four<\/a> : <br><sup>AMAP<\/sup> Pommes + Miel + Raisins secs<br><em><em>+ <\/em>Beurre + Cannelle + Rhum<\/em><\/p>\n","protected":false},"excerpt":{"rendered":"<p>Plats VG Cocotte de Chou blanc \u00e0 la Pomme, aux Raisins secs et au Vinaigre : AMAP Chou blanc + Echalotes + Huile d&#8217;Olive + Pommes + Raisins secs + Vinaigre+ Poivre + Sel VG Salade de ratatouille : AMAP Ail + Basilic + Ratatouille + Huile d\u2019olive + Raisins secs+ Curry + Pignons de &hellip; <a href=\"https:\/\/www.amaporte.org\/index.php\/amaporte\/produits\/recettes\/recettes-raisins-secs\/\" class=\"more-link\">Lire la suite de <span class=\"screen-reader-text\">Recettes aux Raisins secs<\/span><\/a><\/p>\n","protected":false},"author":1,"featured_media":0,"parent":258,"menu_order":0,"comment_status":"closed","ping_status":"closed","template":"","meta":{"footnotes":""},"categories":[5],"tags":[4],"class_list":["post-687","page","type-page","status-publish","hentry","category-recettes-specifiques","tag-recettes"],"_links":{"self":[{"href":"https:\/\/www.amaporte.org\/index.php\/wp-json\/wp\/v2\/pages\/687","targetHints":{"allow":["GET"]}}],"collection":[{"href":"https:\/\/www.amaporte.org\/index.php\/wp-json\/wp\/v2\/pages"}],"about":[{"href":"https:\/\/www.amaporte.org\/index.php\/wp-json\/wp\/v2\/types\/page"}],"author":[{"embeddable":true,"href":"https:\/\/www.amaporte.org\/index.php\/wp-json\/wp\/v2\/users\/1"}],"replies":[{"embeddable":true,"href":"https:\/\/www.amaporte.org\/index.php\/wp-json\/wp\/v2\/comments?post=687"}],"version-history":[{"count":0,"href":"https:\/\/www.amaporte.org\/index.php\/wp-json\/wp\/v2\/pages\/687\/revisions"}],"up":[{"embeddable":true,"href":"https:\/\/www.amaporte.org\/index.php\/wp-json\/wp\/v2\/pages\/258"}],"wp:attachment":[{"href":"https:\/\/www.amaporte.org\/index.php\/wp-json\/wp\/v2\/media?parent=687"}],"wp:term":[{"taxonomy":"category","embeddable":true,"href":"https:\/\/www.amaporte.org\/index.php\/wp-json\/wp\/v2\/categories?post=687"},{"taxonomy":"post_tag","embeddable":true,"href":"https:\/\/www.amaporte.org\/index.php\/wp-json\/wp\/v2\/tags?post=687"}],"curies":[{"name":"wp","href":"https:\/\/api.w.org\/{rel}","templated":true}]}}