{"id":1645,"date":"2024-01-24T23:54:16","date_gmt":"2024-01-24T22:54:16","guid":{"rendered":"https:\/\/lescalamb.ovh\/?page_id=1645"},"modified":"2024-01-24T23:54:16","modified_gmt":"2024-01-24T22:54:16","slug":"recettes-oignons-blancs","status":"publish","type":"page","link":"https:\/\/www.amaporte.org\/index.php\/amaporte\/produits\/recettes\/recettes-oignons-blancs\/","title":{"rendered":"Recettes aux Oignons blancs"},"content":{"rendered":"\n<h2 class=\"wp-block-heading\">Plats v\u00e9g\u00e9tariens<\/h2>\n\n\n\n<p><sup>VG<\/sup> <a href=\"https:\/\/fr.wikibooks.org\/wiki\/Livre_de_cuisine\/Carpaccio_de_fromage\">Carpaccio de <strong>Fromage<\/strong><\/a> : <br><sup>AMAP<\/sup> Ail + Fromage de ch\u00e8vre + Huile d&#8217;Olive + Oignons + Persil + Poivrons<br><em><em>+ <\/em>Poivre + Sel<\/em><\/p>\n\n\n\n<p><sup>VG<\/sup> <a href=\"https:\/\/fr.wikibooks.org\/wiki\/Livre_de_cuisine\/Escalivada\">Escalivada<\/a> : <br><sup>AMAP<\/sup> Ail + Aubergines + Huile d&#8217;Olive + Oignons + Poivrons + Tomates<br><em><em>+ <\/em>Poivre + Sel<\/em><\/p>\n\n\n\n<p><sup>VG<\/sup> <a href=\"https:\/\/fr.wikibooks.org\/wiki\/Livre_de_cuisine\/Ratatouille\">Ratatouille<\/a> : <br><sup>AMAP<\/sup> Ail + Aubergines + Courgettes + Huile d&#8217;olive + Oignons blancs + Poivrons + Tomates<br><em>+ Laurier + Romarin + Sel + Thym<\/em><\/p>\n\n\n\n<p><sup>VG<\/sup> <a href=\"https:\/\/www.elle.fr\/Elle-a-Table\/Recettes-de-cuisine\/Salade-d-epeautre-aux-petits-pois-2718578\">Salade de <strong>Petit \u00e9peautre<\/strong> et <strong>Petits pois<\/strong><\/a> : <br><sup>AMAP<\/sup> Citron + Citron confit + Fenouil + Huile d&#8217;Olive + Oignons blancs + Petit \u00e9peautre + Petits pois + Piment + Roquette <br><em>+ Menthe + Pecorino + Sel + Thym<\/em><\/p>\n\n\n\n<p><sup>VG<\/sup> <a href=\"https:\/\/fr.wikibooks.org\/wiki\/Livre_de_cuisine\/Salade_de_pommes_et_pois_chiches\">Salade de <strong>Pommes<\/strong> et <strong>Pois chiches<\/strong><\/a> : <br><sup>AMAP<\/sup> Basilic + C\u00e9leri branche + Citron + Huile d&#8217;Olive + Oignons + Pois chiches + Pommes<em><br>+ Ciboulette + Poivre + Sel<\/em><\/p>\n\n\n\n<p><sup>VG<\/sup> <a href=\"https:\/\/fr.wikibooks.org\/wiki\/Livre_de_cuisine\/Salade_de_ratatouille_froide\">Salade de ratatouille<\/a> : <br><sup>AMAP<\/sup> Ail + Basilic + Ratatouille + Huile d&#8217;olive + Raisins secs<br><em>+ Curry + Pignons de pin + Sel<\/em><\/p>\n\n\n\n<p><sup>VG<\/sup> <a href=\"https:\/\/www.marmiton.org\/recettes\/recette_salade-pois-chiche-tomates-au-cumin_218276.aspx\">Salade de <strong>Tomates<\/strong> et Pois chiches<\/a> : <br><sup>AMAP<\/sup> Huile d&#8217;Olive + Oignons blancs + Pois chiches + Tomates<em><br>+ Ciboulette + Cumin + Poivre + Sel<\/em><\/p>\n\n\n\n<h2 class=\"wp-block-heading\">Plats avec viande<\/h2>\n\n\n\n<p><a href=\"https:\/\/fr.wikibooks.org\/wiki\/Livre_de_cuisine\/Salade_li%C3%A9geoise\">Salade li\u00e9geoise<\/a> : <br><sup>AMAP<\/sup> Ail + Haricots verts + Oignons blancs + Persil + Pommes de terre + Vinaigre<br><em>+ Lard fum\u00e9 + Moutarde ancienne<\/em><\/p>\n\n\n\n<p><a href=\"https:\/\/fr.wikibooks.org\/wiki\/Livre_de_cuisine\/Salade_ni%C3%A7oise\">Salade ni\u00e7oise<\/a> : <br><sup>AMAP<\/sup> Ail + Artichauts + Basilic + Concombre + F\u00e8ves + Huile d\u2019Olive + Oeufs + Oignons blancs + Poivrons + Tomates<br><em>+ Anchois + Olives noires + Poivre + Sel<\/em><\/p>\n\n\n\n<h2 class=\"wp-block-heading\">Sauces<\/h2>\n\n\n\n<p><sup>VG<\/sup> <a href=\"https:\/\/fr.wikibooks.org\/wiki\/Livre_de_cuisine\/Sauce_salsa\">Sauce Salsa<\/a> : <br><sup>AMAP<\/sup>  Citron + Persil + Piment + Poivron + Tomates<br><em>+ Sel<\/em><\/p>\n","protected":false},"excerpt":{"rendered":"<p>Plats v\u00e9g\u00e9tariens VG Carpaccio de Fromage : AMAP Ail + Fromage de ch\u00e8vre + Huile d&#8217;Olive + Oignons + Persil + Poivrons+ Poivre + Sel VG Escalivada : AMAP Ail + Aubergines + Huile d&#8217;Olive + Oignons + Poivrons + Tomates+ Poivre + Sel VG Ratatouille : AMAP Ail + Aubergines + Courgettes + Huile &hellip; <a href=\"https:\/\/www.amaporte.org\/index.php\/amaporte\/produits\/recettes\/recettes-oignons-blancs\/\" class=\"more-link\">Lire la suite de <span class=\"screen-reader-text\">Recettes aux Oignons blancs<\/span><\/a><\/p>\n","protected":false},"author":1,"featured_media":0,"parent":258,"menu_order":0,"comment_status":"closed","ping_status":"closed","template":"","meta":{"footnotes":""},"categories":[5],"tags":[4],"class_list":["post-1645","page","type-page","status-publish","hentry","category-recettes-specifiques","tag-recettes"],"_links":{"self":[{"href":"https:\/\/www.amaporte.org\/index.php\/wp-json\/wp\/v2\/pages\/1645","targetHints":{"allow":["GET"]}}],"collection":[{"href":"https:\/\/www.amaporte.org\/index.php\/wp-json\/wp\/v2\/pages"}],"about":[{"href":"https:\/\/www.amaporte.org\/index.php\/wp-json\/wp\/v2\/types\/page"}],"author":[{"embeddable":true,"href":"https:\/\/www.amaporte.org\/index.php\/wp-json\/wp\/v2\/users\/1"}],"replies":[{"embeddable":true,"href":"https:\/\/www.amaporte.org\/index.php\/wp-json\/wp\/v2\/comments?post=1645"}],"version-history":[{"count":0,"href":"https:\/\/www.amaporte.org\/index.php\/wp-json\/wp\/v2\/pages\/1645\/revisions"}],"up":[{"embeddable":true,"href":"https:\/\/www.amaporte.org\/index.php\/wp-json\/wp\/v2\/pages\/258"}],"wp:attachment":[{"href":"https:\/\/www.amaporte.org\/index.php\/wp-json\/wp\/v2\/media?parent=1645"}],"wp:term":[{"taxonomy":"category","embeddable":true,"href":"https:\/\/www.amaporte.org\/index.php\/wp-json\/wp\/v2\/categories?post=1645"},{"taxonomy":"post_tag","embeddable":true,"href":"https:\/\/www.amaporte.org\/index.php\/wp-json\/wp\/v2\/tags?post=1645"}],"curies":[{"name":"wp","href":"https:\/\/api.w.org\/{rel}","templated":true}]}}