{"id":1039,"date":"2024-01-23T09:31:53","date_gmt":"2024-01-23T08:31:53","guid":{"rendered":"https:\/\/lescalamb.ovh\/?page_id=1039"},"modified":"2024-01-23T09:31:53","modified_gmt":"2024-01-23T08:31:53","slug":"recettes-potimarron","status":"publish","type":"page","link":"https:\/\/www.amaporte.org\/index.php\/amaporte\/produits\/recettes\/recettes-potimarron\/","title":{"rendered":"Recettes au Potimarron"},"content":{"rendered":"\n<h2 class=\"wp-block-heading\">Plats<\/h2>\n\n\n\n<p><sup>VG<\/sup> <a href=\"https:\/\/cuisine.journaldesfemmes.fr\/recette\/316965-gateau-de-potimarron-au-comte\" data-type=\"link\" data-id=\"https:\/\/cuisine.journaldesfemmes.fr\/recette\/316965-gateau-de-potimarron-au-comte\">G\u00e2teau de Potimarron au Comt\u00e9<\/a> : <br><sup>AMAP<\/sup> Farine + Huile d&#8217;Olive + Oeufs + Potimarron<br><em>+ Beurre + Comt\u00e9 + Cr\u00e8me liquide + Lait + Pignons de Pin<\/em><\/p>\n\n\n\n<p><sup>VG<\/sup> <a href=\"https:\/\/www.tourisme-thierache.fr\/Sejourner\/Gastronomie\/Recettes\/Gratin-de-boulgour-au-potimarron-novembre-2019\" data-type=\"link\" data-id=\"https:\/\/cuisine.journaldesfemmes.fr\/recette\/316965-gateau-de-potimarron-au-comte\">Gratin de <strong>Boulgour<\/strong> au Potimarron<\/a> : <br><sup>AMAP<\/sup> Courgette + Potimarron + Semoule (boulgour)<br><em>+ Emmental + F\u00e9cule de Ma\u00efs + Lait<\/em><\/p>\n\n\n\n<p><sup>VG<\/sup> <a href=\"https:\/\/www.amandinecooking.com\/sauce-bechamel-a-la-courge.html\">Sauce B\u00e9chamel \u00e0 la <strong>Courge<\/strong><\/a> : <br><sup>AMAP<\/sup> Ail + Potimarron + Huile v\u00e9g\u00e9tale<br><em>+ Beurre + F\u00e9cule de Ma\u00efs + Lait + Levure malt\u00e9e + Sel<\/em><\/p>\n\n\n\n<p><sup>VG<\/sup> <a href=\"https:\/\/www.marmiton.org\/recettes\/recette_soupe-veloutee-de-potimarron-et-pommes-de-terre_41161.aspx\">Soupe velout\u00e9e de Potimarron et <strong>Pommes de terre<\/strong><\/a> : <br><sup>AMAP<\/sup> Ail + Bouillon (de l\u00e9gumes) + Oignons + Pommes de terre + Potimarron<br><em>+ Cr\u00e8me \u00e9paisse + Curry + Laurier + Noix de muscade + Poivre + Sel<\/em><\/p>\n","protected":false},"excerpt":{"rendered":"<p>Plats VG G\u00e2teau de Potimarron au Comt\u00e9 : AMAP Farine + Huile d&#8217;Olive + Oeufs + Potimarron+ Beurre + Comt\u00e9 + Cr\u00e8me liquide + Lait + Pignons de Pin VG Gratin de Boulgour au Potimarron : AMAP Courgette + Potimarron + Semoule (boulgour)+ Emmental + F\u00e9cule de Ma\u00efs + Lait VG Sauce B\u00e9chamel \u00e0 la &hellip; <a href=\"https:\/\/www.amaporte.org\/index.php\/amaporte\/produits\/recettes\/recettes-potimarron\/\" class=\"more-link\">Lire la suite de <span class=\"screen-reader-text\">Recettes au Potimarron<\/span><\/a><\/p>\n","protected":false},"author":1,"featured_media":0,"parent":258,"menu_order":0,"comment_status":"closed","ping_status":"closed","template":"","meta":{"footnotes":""},"categories":[5],"tags":[4],"class_list":["post-1039","page","type-page","status-publish","hentry","category-recettes-specifiques","tag-recettes"],"_links":{"self":[{"href":"https:\/\/www.amaporte.org\/index.php\/wp-json\/wp\/v2\/pages\/1039","targetHints":{"allow":["GET"]}}],"collection":[{"href":"https:\/\/www.amaporte.org\/index.php\/wp-json\/wp\/v2\/pages"}],"about":[{"href":"https:\/\/www.amaporte.org\/index.php\/wp-json\/wp\/v2\/types\/page"}],"author":[{"embeddable":true,"href":"https:\/\/www.amaporte.org\/index.php\/wp-json\/wp\/v2\/users\/1"}],"replies":[{"embeddable":true,"href":"https:\/\/www.amaporte.org\/index.php\/wp-json\/wp\/v2\/comments?post=1039"}],"version-history":[{"count":0,"href":"https:\/\/www.amaporte.org\/index.php\/wp-json\/wp\/v2\/pages\/1039\/revisions"}],"up":[{"embeddable":true,"href":"https:\/\/www.amaporte.org\/index.php\/wp-json\/wp\/v2\/pages\/258"}],"wp:attachment":[{"href":"https:\/\/www.amaporte.org\/index.php\/wp-json\/wp\/v2\/media?parent=1039"}],"wp:term":[{"taxonomy":"category","embeddable":true,"href":"https:\/\/www.amaporte.org\/index.php\/wp-json\/wp\/v2\/categories?post=1039"},{"taxonomy":"post_tag","embeddable":true,"href":"https:\/\/www.amaporte.org\/index.php\/wp-json\/wp\/v2\/tags?post=1039"}],"curies":[{"name":"wp","href":"https:\/\/api.w.org\/{rel}","templated":true}]}}